3 + 20 - (-39 + -8)?
4
(-177 - -195) + (-20 - -1) + (22 - 0)
21
Evaluate (6 - 4) + (1 - 5 - (-65 - -48)).
15
Calculate 0 + -8 - 5 - (-18 - -10).
-5
Evaluate (-9 - -5) + 13 + -8 + -12.
-11
Evaluate -1 - (-25 + 51 + -28).
1
What is -4 + (9 - 2) + (-13 - (-12 + 12))?
-10
-11 + (6 - -1) + 12
8
What is 70 + (15 - 29) + -25?
31
What is the value of 2 + (-13 - (-32 + 7))?
14
(0 - -44) + (-1107 - -1025)
-38
Calculate 4 + (9 - (4 + -6 + 11) - 4).
0
What is -1 - -1 - (8 + -9 + 1 - -17)?
-17
What is the value of 1 + -3 + 303 + -306?
-5
Calculate -22 - (7 + -6 + (-1 - 0) + -4).
-18
Evaluate (-16 - -17) + -25 - -16.
-8
What is -13 - (-17 + (11 - 15))?
8
What is (-4 - -5) + 2 - (2 - (-1 + -3))?
-3
11 + 10 + (9 - 13) + 15
32
Calculate -3 + 18 + -4 + -4 + (-6 - -11).
12
Calculate (0 - (-2 - -3)) + -4 + 13.
8
(14 - (25 - 15 - 15)) + -13
6
What is 6 - 3 - (-8 - (2 - 1))?
12
What is 19 - (-10 + (38 - 23))?
14
Calculate 2 + (17 - 4) + -8 - (-11 + 2).
16
Evaluate (-2 - 0) + -2 + -2 + (30 - 5).
19
-293 - -319 - (12 - 0)
14
Evaluate (-17 - 14) + 19 + -8 + 10.
-10
Evaluate (-25 - (-5 - -2)) + (7 - (-4 - -3)).
-14
What is the value of -4 - -10 - -3 - (35 - 41)?
15
Evaluate 0 + -12 + -11 + 21.
-2
Calculate (-167 - -193 - (17 + -2)) + -38.
-27
Calculate -31 + 25 + 17 + (-1 + 22 - 0).
32
What is 2 - (-1 + -5 - (-9 - 2 - 2))?
-5
1 + 0 - ((-8 - -21) + -1 + 1)
-12
Calculate -3 - (8 + (4 - (20 + -9))).
-4
Calculate -1 + (1 - (5 + 1 + 3) - 1).
-10
Calculate 0 + 18 + -17 - 17.
-16
(5 - (-5 + 21 + -11 - -4)) + -3
-7
Calculate 11 + 0 + 0 + -5 + (-3 - -5).
8
Calculate 7 + 4 + -7 + (3 - (10 - 0)).
-3
What is -158 - -161 - (-2 - 0 - 5)?
10
Evaluate -15 + -19 + (-23 - -53).
-4
What is (99 - 106) + -2 + -6?
-15
Evaluate 7 - 7 - -7 - (1 + 7).
-1
What is the value of -19 - (9 + 19 + -41)?
-6
Calculate (34 - 25) + -18 + (-1 - -2 - 5).
-13
Calculate -8 + (-11 - -4 - 1) + 5.
-11
Evaluate (2 + -5 - -16) + (-11 - -10) + -1.
11
What is (7 - 0) + (10 - 15 - 10 - -22)?
14
Evaluate -6 + 17 + -1 + -4 + -17.
-11
Evaluate 4 + 10 + 9 + 11 + -5 + -15.
14
What is 9 + (12 + 15 - 11) - 10?
15
What is (5 - (-8 - ((8 - 34) + 3))) + 7?
-3
Evaluate 0 - -3 - (8 - (18 - 13)).
0
Evaluate 5 + (-1 - (-12 - (-26 - -13))).
3
Calculate -36 + 23 + 4 + 4.
-5
What is the value of -4 + -2 - (-2 - (-11 - -18))?
3
What is 5 + -3 + (-5 - (6 - 4))?
-5
What is the value of -5 + 4 + 6 + -12 + 5 + 4?
2
Calculate 16 + (-3 - (-4 - -3)) + (-13 - -20).
21
What is the value of 8 + -2 + 2 + -1 - 25?
-18
What is the value of -2 - (5 + -4 + 2 + -6 + -8)?
9
Evaluate (2 - (12 - 1)) + 14 + -9.
-4
Calculate -24 + (9 - 6) + 10.
-11
What is the value of (-7 + 11 - (21 + -7 + -7)) + 0?
-3
(0 - -10) + 6 + -11
5
What is the value of 0 - -8 - (13 - 1)?
-4
Calculate -17 - (-65 + 37 + (12 - 0)).
-1
What is (15 - -24) + -82 + 22?
-21
Calculate 12 - (37 + -47 + (0 - -27)).
-5
-19 + 34 + -29 + -10
-24
-1 + (-1 - -4) + 4 + -11
-5
What is (60 - 17 - 29) + -3?
11
What is the value of -27 + 44 + (-26 - 2)?
-11
What is the value of -21 + 34 + -22 - (5 - 0)?
-14
What is -2 + -10 - (3 - 6) - 10?
-19
Evaluate -9 - (6 + 1 - (60 + -44)).
0
What is 5 - (1 - 3) - (-21 + (27 - -16))?
-15
Evaluate 1 + 5 + 2 + (127 - 132).
3
Evaluate 12 + -3 - (-8 - (-10 + -13)).
-6
16 + (1 - 5) + (30 + 2 - 58)
-14
What is the value of 22 + (-2 - (2 + (-8 + 8 - -2)))?
16
What is the value of 10 + (-2 - 4) + -11?
-7
Evaluate (6286 - 6276) + (19 + 0 + 1 - 1).
29
-2 + 0 + -33 + (46 - 20)
-9
Evaluate -4 - (-1 + 2 + (18 - 24)).
1
Calculate 0 - 3 - (-6 + 2 - (45 - 49)).
-3
What is the value of -11 + 0 + -4 + (-1 - 8) + 14?
-10
Evaluate -29 - (-20 + 8 + 9 - (0 - -5)).
-21
(-6 - (5 - -10)) + -5 + -2 + 11
-17
Evaluate (-38 - (-2 + -21)) + 27.
12
Calculate 133 - 123 - (4 + -14).
20
Evaluate 1 + (8 - 15) + 8 - -1.
3
-6 - ((-4 - 0) + -34 + 24) - -5
13
Calculate 3 + (-16 - -8) - (-1 + (-19 - -1)).
14
Evaluate 1 + 5 - (-336 + 358).
-16
Evaluate 4 + 7 + (10 - (-11 + (-10 - -20))).
22
17 + (-8 - 4) + -4
1
Calculate 15 - 0 - (-18 - -28).
5
What is the value of -11 - (0 + (-12 - 6))?
7
Evaluate (2 - -2) + (66 - 64) - (1 + 20).
-15
Calculate 6 - (11 + 0 + (6 - 11 - -1)).
-1
2 + -1 + 508 + -479
30
Calculate 11 + 5 + -46 - -23.
-7
(-15 - (-12 + 3)) + -7 + 23 + -34
-24
Calculate (0 + 24 - (25 - 10)) + -30.
-21
What is the value of (-5 + 10 - 6 - -5) + -2?
2
Calculate (13 - (2 - -7)) + -5 + -12 - -2.
-11
Calculate 7 + -2 + (-5 - 2) + 17 - 7.
8
Calculate 1 + 4 - (-17 - (-41 + -4)).
-23
Evaluate (22 - 67 - -62) + -2 + -31.
-16
What is the value of (-9 - 2) + 14 + (-2 - 4) + -4?
-7
What is the value of -34 - (7 - (22 - 3))?
-22
What is (-26 - -17) + 33 + -8?
16
Calculate 41 - ((-30 - -31) + 16).
24
Evaluate -26 + 1 - (750 + -773).
-2
(-11 - -5) + 17 + (-9 - 27)
-25
(5 + -16 - -13) + (5 - -6 - -1)
14
Calculate 9 + (16 - 36 - -9).
-2
Evaluate 8 + 5 + 142 + -128.
27
What is the value of 38 - (10 - (-22 - -32))?
38
Evaluate -4 - -8 - 0 - -3.
7
What is 6 + -9 + -15 + 0 + 3?
-15
Evaluate -8 - -5 - -4 - (13 + 4).
-16
Calculate -46 - -52 - (2 - -1 - -8) - 0.
-5
(9 - (-12 - -14)) + 8 + -2
13
95 + -105 + (-1 - 5)
-16
What is the value of 14 - 21 - 3 - (0 - 3 - -3)?
-10
-39 + 1 + (138 - 114)
-14
What is 5 + -23 - -4 - -16?
2
What is 2 - 5 - (-59 - -52)?
4
Evaluate -25 + (-18 - -92) + -22.
27
What is 5 + (10 - 22) - -21?
14
What is 3 + -7 + 3 + 0 + 11?
10
What is (1 - -5) + -1 - -9 - 0?
14
What is 52 - 70 - (-9 - 2 - 5)?
-2
What is the value of 3 + (4 - 2 - (-5 - -14 - 8))?
4
-36 + 0 + -747 + 751
-32
-23 + -9 + 20 + -7
-19
What is 6 - (13 - (-13 + 9))?
-11
Calculate 1 - 1 - (7 + (0 - (12 + 0))).
5
What is (-12 - -23 - (10 + 3)) + 22?
20
(1 - 0 - (-35 - -35)) + 2 + 15
18
Calculate (5 - -38 - -1) + 13 + -25.
32
What is -2 + -1 - -29 - (-4 - (-59 - -44))?
15
Evaluate -32 + 1 + (4 - -1).
-26
-269 - -285 - (-2 - (-10 - -3))
11
What is the value of 2 - -5 - (6 - -1 - (-3 - -8))?
5
Calculate -3 + -2 + 7 + 1 + 2 - -6.
11
Calculate -7 + 2 + -4 - (-4 + -12 + 19).
-12
24 + (-1 - (-8 - 5) - 13)
23
Evaluate 13 - (2 - (-5 - (9 - 7))).
4
(-2 - (-5 - 0)) + -7 - (-17 + 10)
3
What is -5 + 1 + 21 - 4?
13
Calculate -32 + (30 + -19 - -34).
13
(-9 - (-8 - 2)) + -9 + 1
-7
Evaluate 3 + -2 + 13 + -9 + -16.
-11
Calculate -15 - (-13 + (-12 - (1 + 9))).
20
Calculate -8 + 9 + 29 - 41.
-11
What is (1 - -3) + 10 + -4 + (-9 - 1)?
0
What is 3 + (-6 - -5) - -16?
18
Calculate (4 + 4 - ((1 - 7) + 40)) + -8.
-34
(-1 - -24) + -55 + 47 - 20
-5
What is the value of 26 - (29 + -6) - (-1 + 5)?
-1
Evaluate 12 + (40 - 46) - (43 - 3).
-34
Calculate -26 - (10 + -15) - -41.
20
What is the value of (12 - (-4 - (-9 + -14 - 3))) + 36?
26
Evaluate -1 + -1 - 36 - (-21 + 13).
-30
Evaluate -14 - ((1 - (10 + 3)) + 13).
-15
5 - (3 + -5 - -8) - -9
8
What is 2 + -16 - (38 - 45)?
-7
Evaluate -6 + (-2 - -1) - (-3555 + 3548).
0
What is the value of (31 - 27) + (0 - -16)?
20
(10 + 6 - 17) + -2 + -1
-4
What is the value of (-1 - 0) + 0 + 8 - (-1945 - -1957)?
-5
What is the value of 15 - -4 - (-11 + 15)?
15
Evaluate -12 + (5 + -8 - (4 + -6 + 5)).
-18
What is the value of 5 + 3 + (-9 - (22 - 11))?
-12
Evaluate -10 + (10 - 2) + -11 + 2 + -4.
-15
What is 16 + (-9 - (8 - 14) - 0)?
13
What is the value of 6 + -1 - (81 - 86) - (-2 + 8)?
4
What is the value of 10 - (51 + -55 + (1 - -1))?
12
What is the value of 4 - (-2 - 1 - (-37 + 31) - -2)?
-1
Calculate 6 + -5 + 1 - (-6 + 0) - 8.
0
Calculate -75 + 76 + (10 - 35).
-24
What is 16 + -25 + 9 + (24 - 19)?
5
1885 - 1881 - (0 - 2 - 4)
10
What is -1 + -6 + 16 + (-6 - (-6 + 4))?
5
Evaluate -1 + (22 - 0 - 9 - 9) + -8.
-5
What is (-36 - 1) + (-303 - -321)?
-19
What is (3 - (-3 + 1)) + (-11 - (5 - 0))?
-11
Calculate 3 + -10 + 5 + 8.
6
Calculate -3 + -11 + 28 + -20.
-6
What is the value of (-3 - -6) + -16 - (-4 + 28 + -32)?
-5
Evaluate 7 + -7 + 5 + -9 + -13 + 0.
-17
Evaluate 12 - (-15 - -21 - 2) - (9 - 0).
-1
Evaluate 1 - -5 - (15 + (-2 - (-2 + 0))).
-9
Calculate (-1 - 2) + -11 - (-7 - 3) - 12.
-16
Calculate -26 - (-14 + -52) - 18.
22
What is (0 + -3 + 0 - 0) + (-49 - -45)?
-7
Calculate (-2 - 4) + -5 - (14 + -16).
-9
-1394 + 1369 + 5 + 0
-20
What is the value of -6 + (15 - 3) + 1 + (-37 - -34)?
4
What is the value of 5 + 5 - (1 - (3 + -9)) - 3?
0
1 + 5 + -30 + 11
-13
What is the value of (-124 - -100) + 4 + (-1 - -2)?
-19
What is 1 - 1 - (1 